 5*d + 6937, 4*m = 2*d + 30704. What is the thousands digit of m?
7
Let r(o) = o**3 - 29*o**2 + 113*o - 26. Let u be r(15). Let q = 2100 + u. What is the tens digit of q?
1
Let a(k) be the first derivative of 0*k - 16 + 23/2*k**2. What is the tens digit of a(4)?
9
Let a(n) be the second derivative of -6*n**3 + 29*n**2/2 + 8*n. Let w be a(-14). Suppose 3*x + 4*s = 2*x + 115, 5*x - s - w = 0. What is the units digit of x?
7
Let a(y) = -y - 5. Let d(n) = n + 4. Let m(i) = 4*a(i) + 5*d(i). Let k be m(-18). What is the units digit of (-7042)/(-63) + (-4)/k?
2
Let j be (-436044)/156 - (0 + (-8)/52). What is the tens digit of 1/4 - j/20?
4
Suppose -15*g - 5040 = -22*g. Suppose -g*i = -717*i - 2205. What is the tens digit of i?
3
Suppose 5*q - 42015 = -4*l, 45 = -5*q + 20. What is the thousands digit of l?
0
Let u(n) = -n**3 - 6*n**2 - 5*n + 6. Let t be u(-4). What is the units digit of (t/4)/(-3) + (-879)/(-6)?
7
Let h(p) = -152*p + 100. What is the thousands digit of h(-52)?
8
Suppose 0 = 2*g + 4*c - 14812 - 21174, 0 = 6*g + 5*c - 107993. What is the tens digit of g?
0
Suppose -2*z - 2*a - 20 = -7*z, -3*z = 2*a + 4. Suppose 4*j = -3*p - 8, z*p + p - 6 = 3*j. Suppose 3*r + 75 - 321 = p. What is the tens digit of r?
8
Let f(k) = -49*k**3 + 2*k**2 + 8*k + 8. Let s(t) = t**2 + 1. Let c(v) = -f(v) + 6*s(v). What is the thousands digit of c(3)?
1
Let q(m) = 207*m**2 + 51*m + 9. What is the hundreds digit of q(-4)?
1
Let v(k) = k + 8. Let d be v(4). Let s = 102 - d. What is the tens digit of s?
9
Suppose 31*i - 184766 = 55701. What is the tens digit of i?
5
Let i(o) be the first derivative of o**4/4 + 16*o**3/3 - o - 6. Let q be i(-16). What is the tens digit of (0 - -1)*(-36)/q?
3
Let o(u) = 14*u**2 - 427*u + 385. What is the hundreds digit of o(74)?
4
Let g(o) = -12*o + 20. Let d be g(-8). Suppose 114*m + 2 = d*m. What is the units digit of m - 1 - 10/(-1)?
0
Let h(v) = 14*v**2 - 8*v + 25. Suppose 79*u - 73*u = 24. What is the units digit of h(u)?
7
Suppose -n = -12 + 20. Let y(m) = 4*m + 15. Let d be y(n). Let t = 61 + d. What is the tens digit of t?
4
Let o(r) be the second derivative of -r**5/20 + 19*r**4/12 + 38*r**3/3 - 27*r**2 - 35*r - 3. What is the units digit of o(22)?
6
Suppose 0 = 11*h + 588 + 468. What is the tens digit of (-12)/((-16)/(-12)*27/h)?
3
Suppose 0 = 3*l - 3*j - 4440, l + 8*j = 5*j + 1484. Suppose -8*u + l = -3935. What is the hundreds digit of u?
6
Suppose -60280 = -636*f + 626*f. What is the thousands digit of f?
6
Let a = -164 + 167. Suppose -1610 = -a*p + l, -4*p + 2*l + 2115 = 7*l. What is the units digit of p?
5
What is the hundreds digit of 16/(512/(-80)) - 168495/(-6)?
0
Let r(d) = 44*d**2 + 13*d + 1683. What is the thousands digit of r(30)?
1
Suppose -x = 0, 0 = 5*b - 10*b + 3*x + 15. Suppose -5*j + 6*j = -b. What is the units digit of ((-19)/4)/(j/24)?
8
Let c(u) = 152*u**2 - 1264*u + 13. What is the ten thousands digit of c(14)?
1
Let t(q) = 2*q**3 + q**2 + 4*q + 1. Let d be t(-2). Let g be 24 + d - (-2)/2. What is the tens digit of g/4*1024/24?
6
Let u be (-8)/6*-24*3/2. Suppose 0 = -15*a + 3*a + u. Suppose 4*w - 122 = -n, 575 = 4*n - a*w + 27. What is the tens digit of n?
3
Let m(c) = 42*c**2 - 13*c - 202. What is the thousands digit of m(-25)?
6
Let q(z) = 4*z**2 + 326*z + 319. What is the hundreds digit of q(-105)?
1
Suppose 2 = -p, 6*a - a + 4 = -2*p. Suppose z + 2*z = a. Suppose -70 = -z*w - w. What is the tens digit of w?
7
Let l(g) = -6*g - 9. Let z(c) = -1. Let j(v) = l(v) - 3*z(v). Let b be j(-3). What is the tens digit of b - 8 - 1*-78?
8
Let t = 68 - 68. Suppose t = 4*w - 3*w + w. Suppose 14 = -5*o + 5*x + 569, w = -2*x + 4. What is the hundreds digit of o?
1
Let q(m) = -3*m**2 - 29*m - 11. Let o be q(-9). Suppose o*n - 286 - 288 = 0. What is the tens digit of n?
8
Let x be (-1 + -1)/(20/(-30)). Suppose 613 = f + u, 0 = 5*f - x*u + 280 - 3313. What is the hundreds digit of f?
6
Let b = 71 - 67. Suppose b*a = 8, 0 = 2*y - 3*a + 2*a + 56. Let g = y + 36. What is the units digit of g?
9
Suppose 3*z = z + 3*h + 25, -5*z - 2*h + 15 = 0. Let l be 222/(z - (-65)/(-10)). Let a = 41 - l. What is the tens digit of a?
8
Let d = 1252 + -79. Let y = d - 612. What is the tens digit of y?
6
Suppose -504 = -w - 57*n + 53*n, -3*w - 4*n = -1544. Let j = w + -49. What is the units digit of j?
1
Let j(i) be the second derivative of 23*i**2 + 23*i + 0 - 11/6*i**3. What is the hundreds digit of j(-13)?
1
Suppose -93703 = -4*t - 23*o + 24*o, -2*o + 10 = 0. What is the ten thousands digit of t?
2
Suppose 0 = 3*j - 18, 0 = 4*n + 7*j - 12*j - 5110. What is the tens digit of n?
8
Let v = -69560 + 100549. What is the ten thousands digit of v?
3
Suppose 114*h - 1125651 = 3*h. What is the tens digit of h?
4
Suppose -2*n = -r - 6, -n + 4*n + 5*r = 22. Suppose 7*c + 12 = -n*a + 3*c, -4*c = -2*a + 24. What is the units digit of 5 - (a + (-1)/1)?
4
Let l be (-19 - (-99)/11) + 13. Suppose 0 = 2*t - 3*t + 37. Suppose l*a + s = t + 36, 3*s + 15 = 0. What is the units digit of a?
6
Let f(w) = 369*w - 2809. What is the tens digit of f(33)?
6
Suppose 0 = -t - 3 - 0, 0 = -v + 2*t + 8. Suppose 0*w - 66 = -2*a + v*w, 0 = -5*a - 5*w + 195. What is the tens digit of (a/30)/((9/(-60))/(-3))?
2
Suppose -68*u + 1825 = -73*u. Let v = u + 971. What is the units digit of v?
6
Suppose 11481 + 12858 + 9696 = 15*a. What is the units digit of a?
9
Let a(z) = -15*z - 55. Suppose c - 2*o = 3, c - 4*o - 3 = -o. Let n(f) = 7*f + 28. Let i(x) = c*a(x) + 5*n(x). What is the units digit of i(-8)?
5
What is the tens digit of ((-335760)/(-65))/3 + 2/13?
2
Let v = 36 - 27. Let h be (11/3 + -2)*3. Suppose 29 - v = h*y. What is the units digit of y?
4
What is the units digit of 4 - (18/(-15 - -33))/((-2)/746)?
7
Let f(q) = -q**3 + 58*q**2 + 9506. What is the units digit of f(0)?
6
Let w = 101 - -550. Let l = 1137 - w. What is the hundreds digit of l?
4
Suppose 0 = 2*s - 2, 2*s + 565 = 4*y - s. Let q = y + -97. Let r = -22 + q. What is the tens digit of r?
2
Suppose 9*o - 15 - 3 = 0. Let x(l) = l**2 - 46*l - 2*l**2 + 14*l**o + 50*l + 8. What is the tens digit of x(-2)?
5
Suppose 0 = 3*n + 3*o - 4*o - 11, -4*n - 3*o + 19 = 0. Suppose n*t - 3*a = -0*t - 355, 4*a = 5*t + 445. Let x = t + 206. What is the tens digit of x?
2
What is the thousands digit of (-4376361)/(-261) + 4/(-12)*-1?
6
Suppose 5*o = -4*z + 84708, -5*o - 27*z + 31*z + 84692 = 0. What is the tens digit of o?
4
Suppose 0 = -11*z - 8151 + 2156. Let k = -202 - z. What is the hundreds digit of k?
3
Let n(q) = 35 - 26*q + 277*q**2 + 11*q + 5 - 273*q**2. Suppose 2*u + 3*u - 35 = 0. What is the tens digit of n(u)?
3
What is the tens digit of 1*1860*((-180)/27)/(-10)?
4
Let l(g) = 3*g**2 - 8*g + 10. Let s be l(7). Suppose -6*m - s = 151. Let r = m + 80. What is the tens digit of r?
3
Let w = 4704 - -10176. What is the thousands digit of w?
4
Suppose 49*s - 3337 = 183647. Suppose -4*u = -4*n - s, -5*u - 3*n + 2*n = -4788. What is the units digit of u?
7
Suppose -17*n + 13098 + 178086 - 28494 = 0. What is the tens digit of n?
7
Suppose -2*z - 10190 = 203*t - 205*t, 2*t = -5*z + 10211. What is the hundreds digit of t?
0
Let b(r) = -2*r**3 + 2*r - 26*r**2 + r**3 - 18*r - 12*r - 43. What is the tens digit of b(-25)?
3
Suppose 3*x + 0*x = -279. Suppose -24*n + 64 = -25*n. Let v = n - x. What is the units digit of v?
9
Let m(y) = -y**3 + 6*y**2 + 7*y. Let f be m(7). Suppose 0 = k - 5*l + 12, f*k + 3*l = k + 6. What is the tens digit of -1 + k - 1/((-4)/508)?
2
Let y be (-178)/(-5) - (2 - (-48)/(-20)). Suppose 10*f = 12*f + y. What is the tens digit of (4 - f/(-5)) + (-996)/(-10)?
0
What is the tens digit of 1801872/208 - 14/(-91)?
6
Let u be (-13)/(39/(-16356)) - 6. Suppose 2457 + u = 7*s. What is the hundreds digit of s?
1
Suppose 0 = 5*l + 3*c - 47, -6*l + 24 = -2*l - c. Suppose l*s = 17*s - 2760. What is the hundreds digit of s?
2
Suppose 2*k - 88 = -5*o, k - 18 = -3*o + 27. Let u = 86 - k. Suppose 45 = 4*z - u. What is the units digit of z?
3
Let i(f) be the second derivative of -f**4/6 + 4*f**3 + 6*f**2 + 60*f - 2. What is the units digit of i(9)?
6
Let d be (3/(-2))/((693/(-176))/21). Let i(h) = 145*h - 132. What is the hundreds digit of i(d)?
0
Let w be -4 - 1/7*0. What is the units digit of w/20 + 44993/65?
2
Let 